{"id":225,"date":"2025-08-30T11:24:52","date_gmt":"2025-08-30T11:24:52","guid":{"rendered":"https:\/\/roisdumenage.fr\/?page_id=225"},"modified":"2026-01-26T22:44:29","modified_gmt":"2026-01-26T22:44:29","slug":"a-propos","status":"publish","type":"page","link":"https:\/\/roisdumenage.fr\/index.php\/a-propos\/","title":{"rendered":"A propos"},"content":{"rendered":"\n<p><strong>Trucs Malins pour la Maison<\/strong> est un site \u00e9dit\u00e9 par <strong>SAS PARFAIT SERVICES<\/strong> (M\u00e9nage Parfait), entreprise sp\u00e9cialis\u00e9e dans les services de nettoyage professionnel et de conseil en entretien domestique en \u00cele-de-France.<\/p>\n\n\n\n<h3 class=\"wp-block-heading\">Notre Mission<\/h3>\n\n\n\n<p>Partager avec vous des astuces, techniques et conseils \u00e9prouv\u00e9s pour l&rsquo;entretien de votre maison, issus de notre expertise professionnelle dans le domaine du nettoyage acquise depuis plusieurs ann\u00e9es.<\/p>\n\n\n\n<p>Notre objectif est de vous aider \u00e0 :<\/p>\n\n\n\n<ul class=\"wp-block-list\">\n<li>Maintenir votre maison propre et saine avec des m\u00e9thodes efficaces<\/li>\n\n\n\n<li>\u00c9conomiser du temps et de l&rsquo;argent avec des solutions maison<\/li>\n\n\n\n<li>Adopter des pratiques \u00e9cologiques et respectueuses de l&rsquo;environnement<\/li>\n\n\n\n<li>R\u00e9soudre vos probl\u00e8mes d&rsquo;entretien domestique du quotidien<\/li>\n\n\n\n<li>a passer un bon temps en ligne<\/li>\n<\/ul>\n\n\n\n<h3 class=\"wp-block-heading\">L&rsquo;Expertise Parfait Services<\/h3>\n\n\n\n<p><strong>SAS PARFAIT SERVICES<\/strong>, op\u00e9rant sous le nom commercial <strong>M\u00e9nage Parfait Services<\/strong>, est une entreprise fran\u00e7aise de nettoyage professionnel \u00e9tablie en \u00cele-de-France. Nous intervenons aupr\u00e8s de particuliers et d&rsquo;entreprises pour des prestations de nettoyage de qualit\u00e9.<\/p>\n\n\n\n<h3 class=\"wp-block-heading\">R\u00e9dacteur en Chef : Barack Grace<\/h3>\n\n\n\n<p><strong>Barack Grace<\/strong>, expert en nettoyage et entretien domestique, est le responsable \u00e9ditorial de ce site. Fort de son exp\u00e9rience au sein de M\u00e9nage Parfait Services, il partage avec vous :<\/p>\n\n\n\n<ul class=\"wp-block-list\">\n<li>Des astuces test\u00e9es et approuv\u00e9es sur le terrain<\/li>\n\n\n\n<li>Des techniques professionnelles simplifi\u00e9es pour un usage domestique<\/li>\n\n\n\n<li>Des conseils d&rsquo;expert pour tous vos probl\u00e8mes d&rsquo;entretien<\/li>\n\n\n\n<li>Des solutions \u00e9cologiques et \u00e9conomiques<\/li>\n<\/ul>\n\n\n\n<p>Chaque article est r\u00e9dig\u00e9 avec le souci de vous fournir des informations pratiques, fiables et imm\u00e9diatement applicables dans votre quotidien.<\/p>\n\n\n\n<h3 class=\"wp-block-heading\">Nous Contacter<\/h3>\n\n\n\n<p>Vous avez une question ? Une suggestion d&rsquo;article ? Un probl\u00e8me d&rsquo;entretien sp\u00e9cifique ?<\/p>\n\n\n\n<p><strong>\ud83d\udce7 Email :<\/strong> contact(@)menageparfait.fr<br><\/p>\n\n\n\n<p><strong>SAS PARFAIT SERVICES<\/strong><br>SIRET : 953 292 877 00010<br>12 avenue de charlebourg 92250 la garenne-colombes<\/p>\n\n\n\n<hr class=\"wp-block-separator has-alpha-channel-opacity\"\/>\n\n\n\n<p><strong>Suivez-nous<\/strong> pour ne rien manquer de nos astuces et conseils d&rsquo;expert :<\/p>\n\n\n\n<p>\ud83d\udcf1 Facebook | \ud83d\udcf8 Instagram | \ud83d\udccc Pinterest | \ud83d\udc26 Twitter<\/p>\n\n\n\n<hr class=\"wp-block-separator has-alpha-channel-opacity\"\/>\n\n\n\n<p><em>Derni\u00e8re mise \u00e0 jour : Janvier 2026<\/em><\/p>\n","protected":false},"excerpt":{"rendered":"<p>Trucs Malins pour la Maison est un site \u00e9dit\u00e9 par SAS PARFAIT SERVICES (M\u00e9nage Parfait), entreprise sp\u00e9cialis\u00e9e dans les services de nettoyage professionnel et de conseil en entretien domestique en \u00cele-de-France. Notre Mission Partager&#46;&#46;&#46;<\/p>\n","protected":false},"author":1,"featured_media":0,"parent":0,"menu_order":0,"comment_status":"closed","ping_status":"closed","template":"","meta":{"footnotes":""},"class_list":["post-225","page","type-page","status-publish","hentry"],"yoast_head":"<!-- This site is optimized with the Yoast SEO plugin v24.8.1 - https:\/\/yoast.com\/wordpress\/plugins\/seo\/ -->\n<title>A propos - Trucs Malins pour la Maison<\/title>\n<meta name=\"description\" content=\"Trucs Malins pour la Maison\" \/>\n<meta name=\"robots\" content=\"index, follow, max-snippet:-1, max-image-preview:large, max-video-preview:-1\" \/>\n<link rel=\"canonical\" href=\"https:\/\/roisdumenage.fr\/index.php\/a-propos\/\" \/>\n<meta property=\"og:locale\" content=\"fr_FR\" \/>\n<meta property=\"og:type\" content=\"article\" \/>\n<meta property=\"og:title\" content=\"A propos - Trucs Malins pour la Maison\" \/>\n<meta property=\"og:description\" content=\"Trucs Malins pour la Maison\" \/>\n<meta property=\"og:url\" content=\"https:\/\/roisdumenage.fr\/index.php\/a-propos\/\" \/>\n<meta property=\"og:site_name\" content=\"Trucs Malins pour la Maison\" \/>\n<meta property=\"article:modified_time\" content=\"2026-01-26T22:44:29+00:00\" \/>\n<meta name=\"twitter:card\" content=\"summary_large_image\" \/>\n<meta name=\"twitter:label1\" content=\"Dur\u00e9e de lecture estim\u00e9e\" \/>\n\t<meta name=\"twitter:data1\" content=\"2 minutes\" \/>\n<script type=\"application\/ld+json\" class=\"yoast-schema-graph\">{\"@context\":\"https:\/\/schema.org\",\"@graph\":[{\"@type\":\"WebPage\",\"@id\":\"https:\/\/roisdumenage.fr\/index.php\/a-propos\/\",\"url\":\"https:\/\/roisdumenage.fr\/index.php\/a-propos\/\",\"name\":\"A propos - Trucs Malins pour la Maison\",\"isPartOf\":{\"@id\":\"https:\/\/roisdumenage.fr\/#website\"},\"datePublished\":\"2025-08-30T11:24:52+00:00\",\"dateModified\":\"2026-01-26T22:44:29+00:00\",\"description\":\"Trucs Malins pour la Maison\",\"breadcrumb\":{\"@id\":\"https:\/\/roisdumenage.fr\/index.php\/a-propos\/#breadcrumb\"},\"inLanguage\":\"fr-FR\",\"potentialAction\":[{\"@type\":\"ReadAction\",\"target\":[\"https:\/\/roisdumenage.fr\/index.php\/a-propos\/\"]}]},{\"@type\":\"BreadcrumbList\",\"@id\":\"https:\/\/roisdumenage.fr\/index.php\/a-propos\/#breadcrumb\",\"itemListElement\":[{\"@type\":\"ListItem\",\"position\":1,\"name\":\"Home\",\"item\":\"https:\/\/roisdumenage.fr\/\"},{\"@type\":\"ListItem\",\"position\":2,\"name\":\"A propos\"}]},{\"@type\":\"WebSite\",\"@id\":\"https:\/\/roisdumenage.fr\/#website\",\"url\":\"https:\/\/roisdumenage.fr\/\",\"name\":\"Trucs Malins pour la Maison\",\"description\":\"Simplifiez-vous la vie avec nos astuces pour la maison\",\"potentialAction\":[{\"@type\":\"SearchAction\",\"target\":{\"@type\":\"EntryPoint\",\"urlTemplate\":\"https:\/\/roisdumenage.fr\/?s={search_term_string}\"},\"query-input\":{\"@type\":\"PropertyValueSpecification\",\"valueRequired\":true,\"valueName\":\"search_term_string\"}}],\"inLanguage\":\"fr-FR\"}]}<\/script>\n<!-- \/ Yoast SEO plugin. -->","yoast_head_json":{"title":"A propos - Trucs Malins pour la Maison","description":"Trucs Malins pour la Maison","robots":{"index":"index","follow":"follow","max-snippet":"max-snippet:-1","max-image-preview":"max-image-preview:large","max-video-preview":"max-video-preview:-1"},"canonical":"https:\/\/roisdumenage.fr\/index.php\/a-propos\/","og_locale":"fr_FR","og_type":"article","og_title":"A propos - Trucs Malins pour la Maison","og_description":"Trucs Malins pour la Maison","og_url":"https:\/\/roisdumenage.fr\/index.php\/a-propos\/","og_site_name":"Trucs Malins pour la Maison","article_modified_time":"2026-01-26T22:44:29+00:00","twitter_card":"summary_large_image","twitter_misc":{"Dur\u00e9e de lecture estim\u00e9e":"2 minutes"},"schema":{"@context":"https:\/\/schema.org","@graph":[{"@type":"WebPage","@id":"https:\/\/roisdumenage.fr\/index.php\/a-propos\/","url":"https:\/\/roisdumenage.fr\/index.php\/a-propos\/","name":"A propos - Trucs Malins pour la Maison","isPartOf":{"@id":"https:\/\/roisdumenage.fr\/#website"},"datePublished":"2025-08-30T11:24:52+00:00","dateModified":"2026-01-26T22:44:29+00:00","description":"Trucs Malins pour la Maison","breadcrumb":{"@id":"https:\/\/roisdumenage.fr\/index.php\/a-propos\/#breadcrumb"},"inLanguage":"fr-FR","potentialAction":[{"@type":"ReadAction","target":["https:\/\/roisdumenage.fr\/index.php\/a-propos\/"]}]},{"@type":"BreadcrumbList","@id":"https:\/\/roisdumenage.fr\/index.php\/a-propos\/#breadcrumb","itemListElement":[{"@type":"ListItem","position":1,"name":"Home","item":"https:\/\/roisdumenage.fr\/"},{"@type":"ListItem","position":2,"name":"A propos"}]},{"@type":"WebSite","@id":"https:\/\/roisdumenage.fr\/#website","url":"https:\/\/roisdumenage.fr\/","name":"Trucs Malins pour la Maison","description":"Simplifiez-vous la vie avec nos astuces pour la maison","potentialAction":[{"@type":"SearchAction","target":{"@type":"EntryPoint","urlTemplate":"https:\/\/roisdumenage.fr\/?s={search_term_string}"},"query-input":{"@type":"PropertyValueSpecification","valueRequired":true,"valueName":"search_term_string"}}],"inLanguage":"fr-FR"}]}},"_links":{"self":[{"href":"https:\/\/roisdumenage.fr\/index.php\/wp-json\/wp\/v2\/pages\/225","targetHints":{"allow":["GET"]}}],"collection":[{"href":"https:\/\/roisdumenage.fr\/index.php\/wp-json\/wp\/v2\/pages"}],"about":[{"href":"https:\/\/roisdumenage.fr\/index.php\/wp-json\/wp\/v2\/types\/page"}],"author":[{"embeddable":true,"href":"https:\/\/roisdumenage.fr\/index.php\/wp-json\/wp\/v2\/users\/1"}],"replies":[{"embeddable":true,"href":"https:\/\/roisdumenage.fr\/index.php\/wp-json\/wp\/v2\/comments?post=225"}],"version-history":[{"count":3,"href":"https:\/\/roisdumenage.fr\/index.php\/wp-json\/wp\/v2\/pages\/225\/revisions"}],"predecessor-version":[{"id":304,"href":"https:\/\/roisdumenage.fr\/index.php\/wp-json\/wp\/v2\/pages\/225\/revisions\/304"}],"wp:attachment":[{"href":"https:\/\/roisdumenage.fr\/index.php\/wp-json\/wp\/v2\/media?parent=225"}],"curies":[{"name":"wp","href":"https:\/\/api.w.org\/{rel}","templated":true}]}}